o = -2357. What is the hundreds digit of b?
7
Suppose 5*q - q + 4 = 2*v, -9 = -q - 2*v. Suppose 3*p - 5*d - 19 = 0, -2*d - 2*d = 8. What is the hundreds digit of (3439/57)/(q/p)?
1
Let b(g) = 7*g**2 - 10*g - 2. Let j(w) = 20*w**2 - 30*w - 4. Let m(s) = 17*b(s) - 6*j(s). What is the units digit of m(6)?
4
Suppose -20 = -41*v + 36*v. Suppose -20*t + 2112 = -16*t + v*l, 0 = 4*t + 2*l - 2118. What is the tens digit of t?
3
Suppose 7*u = 249 + 556. Let s = u - 101. What is the units digit of s?
4
Suppose 5*o = -5*y + 24055, -4*o = 2*y - 1577 - 8033. What is the thousands digit of y?
4
Let f(r) = 60*r - 36. Let w be f(3). Suppose -w = -6*q - 2*q. What is the units digit of q?
8
What is the units digit of (-1670)/(60/25*15/6 - 7)?
0
Let w(d) = -7*d + 4*d**2 - 9*d - 2 + 19*d + d**3 + 0*d**2. Let c be w(-2). Suppose -y - 3*y - t = -772, c = 4*t. What is the hundreds digit of y?
1
Let x(l) = 18*l**2 - 13*l + 10. Let q be x(-4). Suppose -2*t = -3*w + 234 + 293, -2*w + q = -t. What is the units digit of w?
3
Let h(z) = 265*z**2 - 65*z - 383. What is the hundreds digit of h(-16)?
4
Let p(k) = 24*k - 7. Let b be p(5). Let z = 303 - b. What is the units digit of z?
0
Let v = 93797 + -65857. What is the hundreds digit of v?
9
Let u(g) = 82*g**3 - 17*g**2 + 39*g + 18. What is the tens digit of u(9)?
7
Let q = -295 + 451. What is the thousands digit of (237/4)/(9/q)?
1
Suppose o + 324 = -t, o + 0*t + 294 = 5*t. Let i = o - -523. What is the tens digit of i?
0
Let h be 2/(-4)*(-2 - 2). Suppose x + h*i = -0*x - 5, 0 = 2*i + 8. What is the units digit of (-156)/(-9)*x/1?
2
Suppose 0*g - 4*g - 120 = 0. Let a = g + 15. What is the units digit of (-376)/(-6) + (-5)/a?
3
What is the thousands digit of ((-11742)/(-152))/((-3)/(-1000))?
5
Suppose -3834*s = -3803*s - 963976. What is the hundreds digit of s?
0
Let w(u) = 11*u + 3. Let r be w(3). Let b be 6/2 + r*-1. What is the tens digit of 3*5*(b/(-9) + -1)?
4
Let p = 11174 + 2052. What is the thousands digit of p?
3
Suppose 5900 = 4*h + 5*k, -k - 3084 + 120 = -2*h. Suppose -3*v = -2*p + h, -11*v + 1452 = 2*p - 7*v. What is the hundreds digit of p?
7
Let a(z) = 4*z**2 - 29*z + 9. Let w be a(7). Suppose -2*n - f + 395 = 0, 0 = -w*f - f + 15. What is the units digit of n?
5
Let a = 19 - 14. Suppose 4*q - a*m = 1016, -3*q = 3*m - 58 - 677. What is the tens digit of q?
4
Let r(y) = 5*y**2 + 18*y - 2. Let p be r(-3). What is the hundreds digit of (974/4)/(10*p/(-220))?
4
Suppose 42*s - 47784 = 30*s. What is the units digit of s?
2
Let a(r) = 136*r**2 - 24*r + 38. What is the tens digit of a(9)?
3
Let b = -124 - -127. Suppose -5*k = -2*f + 700, -f + 287 + 52 = b*k. What is the units digit of f?
5
Suppose 0 = -o + s + 9, -4*o + 38 - 4 = -3*s. Let w(j) = j**3 - 4*j**2 - 10*j + 12. What is the tens digit of w(o)?
8
Let c(g) = -9 - 11 + 2 + 8*g - 2. What is the tens digit of c(24)?
7
What is the ten thousands digit of (-99)/(-9) + (-203208)/(-12)?
1
Suppose 6*n + 720 = 21*n. Suppose -3*g + 4 = k - 0*k, -k + 12 = -g. What is the units digit of (0 - n/(-15))*k?
2
Suppose 5*o = o + 4. Suppose 3*s + o = -3*z - 2*s, -3*z = -s - 11. Suppose 2*f + 295 = 5*d + f, -4*f = -z*d + 194. What is the units digit of d?
8
Let m be -1*(10/15 + (-2516)/12). What is the units digit of m + ((-23)/5 - (-27)/45)?
5
Suppose -u - 23652 = -4*q + 36047, 6*q = -3*u + 89535. What is the hundreds digit of q?
9
Suppose -3*y = 2*y + 105. Let k be (-356)/14 - (-12)/y. Let b = -15 - k. What is the units digit of b?
1
Suppose 2*t = 61007 - 12395. What is the ten thousands digit of t?
2
What is the units digit of (-3825)/(-51)*(785 + -3)?
0
Suppose -285 = -4*q + 639. Suppose -b + q = 5*n, 3*b = 9*n - 5*n + 674. What is the hundreds digit of b?
2
Let d(u) = u**3 - 27*u**2 - 7*u + 126. Let f be d(27). Let x(z) = -35*z - 6. Let r be x(-5). Let w = r + f. What is the tens digit of w?
0
Let c(k) = 5*k + 9*k + 3*k**2 - 5*k**2 + 3*k**2. Let g be c(-14). What is the tens digit of 1/((g + 2)/314)?
5
Let x(k) = -k**3 - 3*k**2 - 17*k - 71. Let j be x(-5). Suppose -j*c = -24*c - 2720. What is the tens digit of c?
6
Let z(b) = -b**2 + 6*b + 115. Let u be z(14). What is the thousands digit of (1438*u/24)/(2/16)?
1
Let v = -6717 + 11303. Suppose -3*q + v = 3*c - 2*c, 0 = 3*c + 3. What is the units digit of q?
9
Suppose 0 = -34*j + 19*j. What is the hundreds digit of j + 0 + 7 - -819?
8
Suppose 34 = 4*v - 90. Let b(g) = -2*g**3 - 113*g**2 - 55*g + 105. Let u be b(-56). Let q = u + v. What is the units digit of q?
0
Suppose 3*a - 12719 = -4*z + 12487, 0 = 5*a - 4*z - 41946. What is the tens digit of a?
9
Let k(b) = -b**3 - 9*b**2 - 9*b + 21. Let n be k(-9). Let i = 362 + n. What is the tens digit of i?
6
Let m(h) = h**3 + 20*h**2 + 35*h. Let n be m(-18). What is the hundreds digit of n + -17 + (-2 + -791)*-1?
7
Suppose -3*j = 14*j - 272. Suppose 13*a = 9*a + j. Suppose 4*k - 3*k = a*h + 125, k - 2*h - 123 = 0. What is the units digit of k?
1
Suppose 0 = s + s + 2*y - 660, 0 = 4*y + 4. Suppose 0 = -5*p - 5*r + 530 + 260, 0 = -2*p + r + s. What is the units digit of p?
3
Let k(p) = 751*p + 3. Let v be k(-1). Let d = v - -1193. What is the tens digit of d?
4
Let p = 41 + -12. What is the tens digit of (p + -23)*(-622)/(-4)?
3
Suppose -3*c - s + 6 = 0, 10 = 4*c + 5*s - 9. What is the tens digit of ((-3070)/(-7) - c) + (-80)/140?
3
Let b be -7 + (-275)/30 - (-3)/18. Let j = 300 + 220. What is the units digit of j/6 - b/(-24)?
6
What is the units digit of (-655)/(-131) + 596 + -2 + 6 + -3?
2
Let j be 339/(-15) + ((-192)/(-40))/(-12). Let l(b) = -28*b + 166. What is the tens digit of l(j)?
1
Suppose 0 = 2*w + 3*x - 12070, -4*x = -w + 10054 - 4030. What is the tens digit of w?
3
What is the ten thousands digit of (-9)/6 + (-1183575)/(-86)?
1
What is the hundreds digit of (6 - 0)*(-61706)/(-14)*182/78?
7
Suppose -25*m = 990 - 144440. What is the hundreds digit of m?
7
Let r be (138 + (-2)/2)*1. Suppose 0 = 4*j + 2*f + 138, -4*j - 5*f + 2*f - r = 0. What is the units digit of (j - 4)/(4/(-8))?
8
Let y = 258 - 183. Let p be 2*-6*27/(-6). Let x = y - p. What is the tens digit of x?
2
Let b be 8*1 - (72 - 69). Suppose -3*g - 3*r = -4977, -b*g + 15*r = 19*r - 8295. What is the thousands digit of g?
1
Let h = -375 - -572. Suppose h*c = 198*c - 477. What is the units digit of c?
7
Suppose 5*z + 4*r = 54, 6*z - 10*z - r = -41. Suppose -3*k + i = -3644, z*k - 13*k - 3*i = -3648. What is the thousands digit of k?
1
Let o be (35 - -5)*2389*-1. What is the units digit of o/(-104) + 12/78?
9
Suppose -2*w - 426 = 3*o + o, 531 = -5*o - 3*w. What is the hundreds digit of (o/10)/((-2)/(-405)*-3)?
7
Let h be 256/9 - 52/117. What is the tens digit of 26*11/4 - (-14)/h?
7
Suppose -35*f - 1196880 = -75*f. What is the units digit of f?
2
Let j be 9/(-12) + (-4)/16. What is the units digit of ((j - -14) + 0)/((-39)/(-1209))?
3
Suppose -10218 = -30*k + 28*k + a, 0 = k + 5*a - 5131. What is the units digit of k?
1
Let x(i) = 23*i - 23. Let r be x(1). Suppose r = -4*g + 636 + 724. What is the hundreds digit of g?
3
Suppose 9*x = 11 - 11. Suppose z - 4*z - 30 = x. What is the units digit of ((-32)/z)/(4/150*3)?
0
Let q be 2065/(6 - 1) - 2. Let l = q + -280. Let c = l - 75. What is the tens digit of c?
5
Let r be -3*1/(2 + -1). Let m(y) be the third derivative of -y**6/30 + 2*y**3 + 20*y**2. What is the hundreds digit of m(r)?
1
Suppose 4*o = 5*z - 25, -3*o - 2*o - 3*z = 22. What is the units digit of ((1255/o)/(-1))/1?
1
Let z = 154 + -90. Let h = 23 - z. Let f = 87 + h. What is the tens digit of f?
4
Let p be 2 + ((-18)/(-63))/(3/(-21)). Suppose p = 4*b - 547 - 2637. What is the tens digit of b?
9
Suppose 18012 = -5*i + 3*g, -3*i - 11186 + 406 = 5*g. What is the tens digit of ((-6)/(-5))/(2/i*-9)?
4
Suppose 112*a = 119*a. Suppose -w + 4*b + 755 = a, 4*w - 4*b = 7*w - 2297. What is the units digit of w?
3
Suppose -13*n = -2*n + 9647. Let k = -508 - n. What is the hundreds digit of k?
3
Suppose -5*z = -2*z - 9. Suppose 0 = 4*p + 3*i + 4, -4*p - i + z + 1 = 0. Suppose -p*l + 50 = 2*g, -2*l + 3*g = 2*l - 107. What is the units digit of l?
6
What is the ten thousands digit of (14783 - 34) + (-18)/6?
1
Suppose 0*h = -3*a - 3*h + 25842, 0 = -2*a + 3*h + 17258. What is the hundreds digit of a?
6
Let c(n) = 7*n**2 + 4*n